164987
What are the prime factors of 278084262?
2, 3, 46347377
List the prime factors of 351170572.
2, 1553, 56531
List the prime factors of 6547119637.
6547119637
What are the prime factors of 3714198127?
347, 10703741
List the prime factors of 12022239.
3, 4007413
List the prime factors of 5242157947.
13, 9949, 40531
List the prime factors of 1424052162.
2, 3, 13, 1181, 5153
List the prime factors of 1638092333.
71, 73, 316051
What are the prime factors of 512962074?
2, 3, 409, 69677
List the prime factors of 45029650.
2, 5, 900593
What are the prime factors of 8771154?
2, 3, 7, 208837
List the prime factors of 63207864.
2, 3, 23, 4241
What are the prime factors of 1842198419?
1842198419
List the prime factors of 389920.
2, 5, 2437
What are the prime factors of 2818640315?
5, 563728063
What are the prime factors of 2850178934?
2, 1425089467
List the prime factors of 168978398.
2, 84489199
What are the prime factors of 48936518?
2, 61, 401119
List the prime factors of 398055806.
2, 199027903
What are the prime factors of 2423535840?
2, 3, 5, 11, 153001
List the prime factors of 191923933.
1291, 148663
What are the prime factors of 65492381?
17, 3852493
What are the prime factors of 7808593?
13, 17, 89, 397
What are the prime factors of 86139841?
86139841
List the prime factors of 4046820941.
31, 130542611
List the prime factors of 267558183.
3, 29728687
List the prime factors of 1646266950.
2, 3, 5, 1219457
List the prime factors of 110876424.
2, 3, 53, 67, 1301
List the prime factors of 1126213465.
5, 13, 1332797
What are the prime factors of 494475789?
3, 491, 335693
What are the prime factors of 164224407?
3, 54741469
What are the prime factors of 119487730?
2, 5, 17, 702869
List the prime factors of 1944567554.
2, 1223, 794999
List the prime factors of 101248797.
3, 13, 2596123
What are the prime factors of 164167490?
2, 5, 16416749
List the prime factors of 12548715.
3, 5, 787, 1063
What are the prime factors of 5391629820?
2, 3, 5, 43, 617, 1129
What are the prime factors of 11193122?
2, 5596561
List the prime factors of 181973808.
2, 3, 103, 12269
List the prime factors of 164001849.
3, 11, 167, 29759
List the prime factors of 32103706.
2, 16051853
List the prime factors of 470168548.
2, 613, 191749
List the prime factors of 368772572.
2, 7, 61, 215909
What are the prime factors of 90026305?
5, 17, 43, 24631
List the prime factors of 153330218.
2, 4591, 16699
What are the prime factors of 8694954298?
2, 4347477149
List the prime factors of 417955815.
3, 5, 3095969
What are the prime factors of 3630615396?
2, 3, 2221, 136223
List the prime factors of 48464516.
2, 19, 637691
List the prime factors of 3030611988.
2, 3, 252550999
What are the prime factors of 450102395?
5, 90020479
List the prime factors of 38050069.
38050069
What are the prime factors of 20896886?
2, 107, 97649
List the prime factors of 3881385224.
2, 485173153
List the prime factors of 263502517.
263502517
List the prime factors of 16133402.
2, 61, 132241
What are the prime factors of 92282388?
2, 3, 11, 83, 8423
List the prime factors of 968508246.
2, 3, 59, 2735899
What are the prime factors of 2131447784?
2, 266430973
What are the prime factors of 635574?
2, 3, 105929
List the prime factors of 525809446.
2, 1171, 224513
What are the prime factors of 2308921764?
2, 3, 10391, 18517
What are the prime factors of 239202713?
389, 614917
What are the prime factors of 2165402590?
2, 5, 13, 16656943
List the prime factors of 203057777.
13, 23, 679123
List the prime factors of 821362094.
2, 7, 53, 1106957
What are the prime factors of 110931335?
5, 1759, 12613
List the prime factors of 5030107540.
2, 5, 59, 4262803
What are the prime factors of 4111593?
3, 1370531
List the prime factors of 164273846.
2, 11, 43, 173651
What are the prime factors of 61376371?
7, 1252579
What are the prime factors of 42178913?
7, 101, 59659
What are the prime factors of 242239417?
7, 19, 103, 17683
What are the prime factors of 32301176?
2, 173, 23339
What are the prime factors of 83664407?
739, 113213
What are the prime factors of 49890029?
7, 19, 375113
List the prime factors of 3417652203.
3, 7, 1181, 137803
List the prime factors of 2336582361.
3, 19, 1193, 34361
List the prime factors of 4170391672.
2, 79, 6598721
What are the prime factors of 1184002200?
2, 3, 5, 657779
List the prime factors of 41166579.
3, 1307, 10499
What are the prime factors of 30889883?
30889883
List the prime factors of 142447016.
2, 71, 250787
What are the prime factors of 34037321?
109, 312269
List the prime factors of 3651111490.
2, 5, 13, 31, 69691
What are the prime factors of 45502835?
5, 7, 71, 18311
What are the prime factors of 277795679?
7, 23, 79, 21841
What are the prime factors of 392533633?
137, 2865209
List the prime factors of 49476602.
2, 7, 3534043
What are the prime factors of 22483497?
3, 29, 113, 2287
List the prime factors of 541294463.
349, 439, 3533
What are the prime factors of 1537510506?
2, 3, 7, 37, 67, 14767
What are the prime factors of 54996136?
2, 13, 61, 8669
What are the prime factors of 1191004302?
2, 3, 198500717
What are the prime factors of 3428384509?
11, 17, 1993, 9199
List the prime factors of 1916912358.
2, 3, 2089, 16993
List the prime factors of 818401730.
2, 5, 81840173
List the prime factors of 3774014571.
3, 4261, 295237
List the prime factors of 2797275397.
7, 57087253
List the prime factors of 17412605.
5, 7, 499, 997
List the prime factors of 2424195989.
269, 9011881
List the prime factors of 899132146.
2, 11, 23, 1776941
List the prime factors of 623532133.
7, 89076019
What are the prime factors of 16423262?
2, 8211631
What are the prime factors of 26355463?
26355463
List the prime factors of 247321997.
13, 19024769
List the prime factors of 6579016.
2, 19, 43283
List the prime factors of 95650135.
5, 7, 61, 71, 631
What are the prime factors of 729852536?
2, 7, 113, 115337
What are the prime factors of 39568091?
461, 85831
What are the prime factors of 527338445?
5, 19, 1259, 4409
List the prime factors of 2185363263.
3, 41, 257, 269
List the prime factors of 6750223367.
29, 232766323
List the prime factors of 2847697120.
2, 5, 619, 28753
List the prime factors of 79108179.
3, 349, 75557
What are the prime factors of 283593036?
2, 3, 23, 53, 19387
What are the prime factors of 2240156353?
53, 1019, 41479
List the prime factors of 4886144574.
2, 3, 1627, 500527
What are the prime factors of 3584153412?
2, 3, 7, 31, 65543
List the prime factors of 711933281.
711933281
List the prime factors of 128271089.
29, 1609, 2749
List the prime factors of 36506506.
2, 53, 479, 719
What are the prime factors of 111648063?
3, 67, 251, 2213
List the prime factors of 651871.
11, 19, 3119
List the prime factors of 170551043.
13, 911, 14401
List the prime factors of 16077385.
5, 353, 9109
List the prime factors of 2363269097.
7, 31, 351311
What are the prime factors of 950624601?
3, 316874867
List the prime factors of 147421168.
2, 23, 400601
List the prime factors of 744944806.
2, 372472403
What are the prime factors of 137095815?
3, 5, 9139721
What are the prime factors of 1052450226?
2, 3, 47, 414677
List the prime factors of 1980828.
2, 3, 18341
What are the prime factors of 47498957?
11, 4318087
List the prime factors of 430006669.
5077, 84697
List the prime factors of 529914672.
2, 3, 7, 525709
List the prime factors of 1089829985.
5, 217965997
What are the prime factors of 686260552?
2, 173, 397, 1249
List the prime factors of 5292726269.
5107, 1036367
List the prime factors of 230810683.
17, 13577099
List the prime factors of 938153636.
2, 7, 17, 41, 53, 907
What are the prime factors of 1157869854?
2, 3, 64326103
What are the prime factors of 320173193?
320173193
List the prime factors of 1157859674.
2, 578929837
List the prime factors of 544733547.
3, 181577849
What are the prime factors of 7252419199?
7252419199
List the prime factors of 941303582.
2, 59, 7977149
What are the prime factors of 187359815?
5, 31, 43, 28111
List the prime factors of 5794495568.
2, 29, 149, 83813
What are the prime factors of 1185264879?
3, 659, 661, 907
What are the prime factors of 52880813?
4391, 12043
List the prime factors of 2674538725.
5, 43, 2487943
List the prime factors of 1628113